{"id":140,"date":"2016-09-21T09:09:43","date_gmt":"2016-09-21T09:09:43","guid":{"rendered":"http:\/\/virtuaalivirtuoosit.fi\/?page_id=140"},"modified":"2016-09-21T09:50:04","modified_gmt":"2016-09-21T09:50:04","slug":"toteutus","status":"publish","type":"page","link":"https:\/\/virtuaalivirtuoosit.fi\/?page_id=140","title":{"rendered":"Toteutus"},"content":{"rendered":"<p>Virtuaalivirtuoosit-hanke jakautuu useisiin teemoihin. Alasvetovalikosta l\u00f6yd\u00e4t teemojen sivut, joille p\u00e4ivitet\u00e4\u00e4n tietoja hankkeen etenemisest\u00e4 yhteisty\u00f6oppilaitoksissa.<\/p>\n<p><strong>Pelillisyys<\/strong><\/p>\n<p>Hankkeessa rakennetaan pelillisi\u00e4 virtuaaliymp\u00e4rist\u00f6j\u00e4, tavoitteena opiskelijoiden suunnittelemat virtuaaliymp\u00e4rist\u00f6t ja\/tai pelilliset opintokokonaisuudet. Pelillisyytt\u00e4 hy\u00f6dynnet\u00e4\u00e4n opetuksessa ja luodaan\u00a0pedagoginen malli pelillisten opintokokonaissuuksien rakentamiseen.<\/p>\n<p><strong>Mobiililaitteet<\/strong><\/p>\n<p>Hankkeessa hy\u00f6dynnet\u00e4\u00e4n ja k\u00e4ytet\u00e4\u00e4n mobiililaitteita ja tablet-tietokoneita BYOD-hengess\u00e4. My\u00f6s organisaatioiden mobiililaitteita k\u00e4ytet\u00e4\u00e4n. K\u00e4ytt\u00f6kokemuksista kartoitetaan\u00a0hyvi\u00e4 toimintatapoja ja pedagogisia malleja. Mallinnuksessa luodaan hyv\u00e4t ammatillisen koulutuksen mobiilik\u00e4yt\u00e4nteet.<\/p>\n<p><strong>Oppimisalustat<\/strong><\/p>\n<p>Hankkeessa kokeillaan ja k\u00e4ytet\u00e4\u00e4n erilaisia oppimisalustoja. K\u00e4ytt\u00f6kokemuksia dokumentoidaan ja arvioidaan. Opettajia perehdytet\u00e4\u00e4n alustojen k\u00e4ytt\u00f6\u00f6n vertaismentoroinnin keinoin.<\/p>\n<p><strong>RFID &amp; NFC<\/strong><\/p>\n<p>Hankkeessa hy\u00f6dynnet\u00e4\u00e4n RFID- ja NFC-tekniikkaa ja luodaan RFID- ja NFC-tekniikkaa hy\u00f6dynt\u00e4vi\u00e4 tiloja.\u00a0Esimerkkej\u00e4: s\u00e4hk\u00f6inen ilmoitustaulu, ty\u00f6salien koneet ja laitteet. Opiskelijat tuottavat sis\u00e4lt\u00f6j\u00e4 liitett\u00e4v\u00e4ksi NFC-tarroihin.<\/p>\n<p><strong>360-ymp\u00e4rist\u00f6t ja VR-lasit<\/strong><\/p>\n<p>Hankkeessa tuotetaan opiskelijoiden kanssa 360-sis\u00e4lt\u00f6j\u00e4 ja k\u00e4ytet\u00e4\u00e4n niit\u00e4 opetuksessa esimerkiksi VR-laseilla.<\/p>\n","protected":false},"excerpt":{"rendered":"<p>Virtuaalivirtuoosit-hanke jakautuu useisiin teemoihin. Alasvetovalikosta l\u00f6yd\u00e4t teemojen sivut, joille p\u00e4ivitet\u00e4\u00e4n tietoja hankkeen etenemisest\u00e4 yhteisty\u00f6oppilaitoksissa. Pelillisyys Hankkeessa rakennetaan pelillisi\u00e4 virtuaaliymp\u00e4rist\u00f6j\u00e4, tavoitteena opiskelijoiden suunnittelemat virtuaaliymp\u00e4rist\u00f6t ja\/tai pelilliset opintokokonaisuudet. Pelillisyytt\u00e4 hy\u00f6dynnet\u00e4\u00e4n opetuksessa ja luodaan\u00a0pedagoginen malli pelillisten opintokokonaissuuksien rakentamiseen. Mobiililaitteet Hankkeessa hy\u00f6dynnet\u00e4\u00e4n ja k\u00e4ytet\u00e4\u00e4n mobiililaitteita ja tablet-tietokoneita BYOD-hengess\u00e4. My\u00f6s organisaatioiden mobiililaitteita k\u00e4ytet\u00e4\u00e4n. K\u00e4ytt\u00f6kokemuksista kartoitetaan\u00a0hyvi\u00e4 toimintatapoja ja pedagogisia malleja. Mallinnuksessa&hellip;<\/p>\n","protected":false},"author":1,"featured_media":0,"parent":0,"menu_order":3,"comment_status":"closed","ping_status":"closed","template":"","meta":{"footnotes":""},"class_list":["post-140","page","type-page","status-publish","hentry"],"_links":{"self":[{"href":"https:\/\/virtuaalivirtuoosit.fi\/index.php?rest_route=\/wp\/v2\/pages\/140","targetHints":{"allow":["GET"]}}],"collection":[{"href":"https:\/\/virtuaalivirtuoosit.fi\/index.php?rest_route=\/wp\/v2\/pages"}],"about":[{"href":"https:\/\/virtuaalivirtuoosit.fi\/index.php?rest_route=\/wp\/v2\/types\/page"}],"author":[{"embeddable":true,"href":"https:\/\/virtuaalivirtuoosit.fi\/index.php?rest_route=\/wp\/v2\/users\/1"}],"replies":[{"embeddable":true,"href":"https:\/\/virtuaalivirtuoosit.fi\/index.php?rest_route=%2Fwp%2Fv2%2Fcomments&post=140"}],"version-history":[{"count":7,"href":"https:\/\/virtuaalivirtuoosit.fi\/index.php?rest_route=\/wp\/v2\/pages\/140\/revisions"}],"predecessor-version":[{"id":166,"href":"https:\/\/virtuaalivirtuoosit.fi\/index.php?rest_route=\/wp\/v2\/pages\/140\/revisions\/166"}],"wp:attachment":[{"href":"https:\/\/virtuaalivirtuoosit.fi\/index.php?rest_route=%2Fwp%2Fv2%2Fmedia&parent=140"}],"curies":[{"name":"wp","href":"https:\/\/api.w.org\/{rel}","templated":true}]}}