{"id":21,"date":"2015-11-13T09:59:19","date_gmt":"2015-11-13T09:59:19","guid":{"rendered":"http:\/\/virtuaalivirtuoosit.fi\/?page_id=21"},"modified":"2017-03-28T09:41:42","modified_gmt":"2017-03-28T09:41:42","slug":"tapahtumat","status":"publish","type":"page","link":"https:\/\/virtuaalivirtuoosit.fi\/?page_id=21","title":{"rendered":"Tapahtumat"},"content":{"rendered":"<p>Projektin aloituskokous\u00a0\u00a0\u00a0\u00a0\u00a0\u00a0\u00a0\u00a0\u00a0 \u00a0\u00a0\u00a0\u00a0\u00a0\u00a0\u00a0\u00a0\u00a0\u00a0\u00a0\u00a0\u00a0\u00a0\u00a0\u00a0\u00a0\u00a0\u00a0\u00a0\u00a0\u00a0\u00a0\u00a0\u00a0\u00a0\u00a0\u00a0 \u00a0\u00a0\u00a0\u00a0\u00a0\u00a0\u00a0\u00a0\u00a0\u00a0\u00a0\u00a0\u00a0\u00a0\u00a0\u00a0\u00a0\u00a0\u00a0\u00a0\u00a0\u00a0\u00a0 18.9.2015<\/p>\n<p>RFID-koulutus, RFID Lab\u00a0\u00a0\u00a0\u00a0\u00a0\u00a0\u00a0\u00a0\u00a0 \u00a0\u00a0\u00a0\u00a0\u00a0\u00a0\u00a0\u00a0\u00a0\u00a0\u00a0\u00a0\u00a0\u00a0\u00a0\u00a0\u00a0\u00a0\u00a0\u00a0\u00a0\u00a0\u00a0\u00a0\u00a0\u00a0\u00a0\u00a0 \u00a0\u00a0\u00a0\u00a0\u00a0\u00a0\u00a0\u00a0\u00a0\u00a0\u00a0\u00a0\u00a0\u00a0\u00a0\u00a0\u00a0\u00a0\u00a0\u00a0\u00a0 21.10.2015<\/p>\n<p style=\"text-align: left;\">Simulaattorikoulutus, Simrac ja Tredu, Tampere\u00a0\u00a0\u00a0\u00a0\u00a0\u00a0\u00a0\u00a0\u00a0\u00a0\u00a0\u00a0\u00a0\u00a0\u00a0\u00a0\u00a0\u00a0\u00a0\u00a0\u00a0\u00a0\u00a0\u00a0\u00a0\u00a0\u00a0 30.10.2015<\/p>\n<p>Hankeryhm\u00e4n toinen kokous \u00a0 \u00a0\u00a0 \u00a0\u00a0\u00a0\u00a0\u00a0\u00a0\u00a0\u00a0\u00a0\u00a0\u00a0\u00a0\u00a0\u00a0\u00a0\u00a0\u00a0\u00a0\u00a0\u00a0\u00a0\u00a0\u00a0\u00a0\u00a0\u00a0\u00a0\u00a0\u00a0\u00a0\u00a0\u00a0\u00a0\u00a0\u00a0\u00a0\u00a0\u00a0\u00a0\u00a0\u00a0\u00a0\u00a0\u00a0\u00a0\u00a0\u00a0\u00a0\u00a0 27.11.2015<\/p>\n<p>Hankeryhm\u00e4n kolmas kokous\u00a0\u00a0\u00a0\u00a0\u00a0\u00a0\u00a0\u00a0\u00a0\u00a0\u00a0\u00a0\u00a0\u00a0\u00a0\u00a0\u00a0\u00a0\u00a0\u00a0\u00a0\u00a0\u00a0\u00a0\u00a0\u00a0\u00a0\u00a0\u00a0\u00a0\u00a0\u00a0\u00a0\u00a0\u00a0\u00a0\u00a0\u00a0\u00a0\u00a0\u00a0\u00a0\u00a0\u00a0\u00a0\u00a0\u00a0\u00a0\u00a0\u00a0\u00a0\u00a0\u00a0 12.2.2016<\/p>\n<p>Pelillisyyskoulutus, Mauri Laakso\u00a0\u00a0\u00a0\u00a0\u00a0\u00a0\u00a0\u00a0\u00a0\u00a0\u00a0\u00a0\u00a0\u00a0\u00a0\u00a0\u00a0\u00a0\u00a0\u00a0\u00a0\u00a0\u00a0\u00a0\u00a0\u00a0\u00a0\u00a0\u00a0\u00a0\u00a0\u00a0\u00a0\u00a0\u00a0\u00a0\u00a0\u00a0\u00a0\u00a0\u00a0\u00a0\u00a0\u00a0\u00a0\u00a0\u00a0 24.3.2016<\/p>\n<p>Foracer, tutustuminen simulaattorien valmistukseen\u00a0\u00a0\u00a0\u00a0\u00a0\u00a0\u00a0\u00a0\u00a0\u00a0\u00a0\u00a0\u00a0\u00a0\u00a0\u00a0\u00a0\u00a0\u00a0\u00a0\u00a0 30.3.2016<\/p>\n<p>ITK-p\u00e4iv\u00e4t, H\u00e4meenlinna (Hankeryhm\u00e4n 4.kokous) \u00a0 \u00a0 \u00a0 \u00a0 \u00a0 \u00a0 \u00a0 \u00a0 \u00a0 \u00a0 \u00a0 \u00a014-15.4.2106<\/p>\n<p>Hankeryhm\u00e4n viides kokous Luksiassa \u00a0 \u00a0 \u00a0 \u00a0 \u00a0 \u00a0 \u00a0 \u00a0 \u00a0 \u00a0 \u00a0 \u00a0 \u00a0 \u00a0 \u00a0 \u00a0 \u00a0 \u00a0 \u00a0 \u00a0 9.9.2016<\/p>\n<p>Hankeryhm\u00e4n kuudes kokous (verkossa) \u00a0 \u00a0 \u00a0 \u00a0 \u00a0 \u00a0 \u00a0 \u00a0 \u00a0 \u00a0 \u00a0 \u00a0 \u00a0 \u00a0 \u00a0 \u00a0 \u00a0 \u00a0 \u00a04.11.2016<\/p>\n<p>Virtuaalivirtuoosit-hanke AMK &amp; ammatillisen koulutuksen<br \/>\ntutkimusp\u00e4ivill\u00e4 Sein\u00e4joella \u00a0 \u00a0 \u00a0 \u00a0 \u00a0 \u00a0 \u00a0 \u00a0 \u00a0 \u00a0 \u00a0 \u00a0 \u00a0 \u00a0 \u00a0 \u00a0 \u00a0 \u00a0 \u00a0 \u00a0 \u00a0 \u00a0 \u00a0 \u00a0 \u00a0 \u00a0 \u00a0 \u00a0 \u00a08.-9.11.2016<\/p>\n<p>Virtuaalivirtuoosien loppuseminaari Hyriassa \u00a0 \u00a0 \u00a0 \u00a0 \u00a0 \u00a0 \u00a0 \u00a0 \u00a0 \u00a0 \u00a0 \u00a0 \u00a0 \u00a0 \u00a0 \u00a0 22.11.2016<\/p>\n<div id=\"attachment_171\" style=\"width: 306px\" class=\"wp-caption alignnone\"><a href=\"http:\/\/virtuaalivirtuoosit.fi\/wp-content\/uploads\/2016\/09\/luksiakokous090916.jpg\"><img loading=\"lazy\" decoding=\"async\" aria-describedby=\"caption-attachment-171\" class=\"size-medium wp-image-171\" src=\"http:\/\/virtuaalivirtuoosit.fi\/wp-content\/uploads\/2016\/09\/luksiakokous090916-300x180.jpg\" alt=\"Virtuaalivirtuoosit kokoustivat Luksiassa 9.9.2016.\" width=\"300\" height=\"180\" srcset=\"https:\/\/virtuaalivirtuoosit.fi\/wp-content\/uploads\/2016\/09\/luksiakokous090916-300x180.jpg 300w, https:\/\/virtuaalivirtuoosit.fi\/wp-content\/uploads\/2016\/09\/luksiakokous090916-768x461.jpg 768w, https:\/\/virtuaalivirtuoosit.fi\/wp-content\/uploads\/2016\/09\/luksiakokous090916-1024x614.jpg 1024w\" sizes=\"auto, (max-width: 300px) 100vw, 300px\" \/><\/a><p id=\"caption-attachment-171\" class=\"wp-caption-text\">Virtuaalivirtuoosit kokoustivat Luksiassa 9.9.2016.<\/p><\/div>\n<p>&nbsp;<\/p>\n<p><strong>PIDETYT TIETOISKUT JA WORKSHOPIT SEK\u00c4 SIS\u00c4INEN TIEDOTUS<\/strong><\/p>\n<p><strong>Hyria<\/strong><\/p>\n<p>Hankkeesta on tiedotettu Hyrian sis\u00e4isess\u00e4 viestinn\u00e4ss\u00e4. Pelillisyydest\u00e4 ja peliprojektin tavoitteista ja toteutuksesta on julkaistu juttu Hyrian sis\u00e4isess\u00e4 henkil\u00f6st\u00f6lehdess\u00e4. Hyrian omana ty\u00f6n\u00e4 toteutettu OOTH (oppimisen ja osaamisen tulevaisuus Hyriassa) -hanke ja siihen liittyv\u00e4 Digitalisaation avainhanke, on ollut jatkuva tiedonv\u00e4lityskanava eri yhteyksiss\u00e4 &#8211; avainhankevet\u00e4jien kokoukset, viestint\u00e4 Itslearningin kautta jne. Tiedotusta on ollut my\u00f6s henkil\u00f6st\u00f6p\u00e4ivien yhteydess\u00e4 (henkil\u00f6kuntaa n. 430) ja luonnonvara-alan osastokokouksessa 1,5h tiedotus\/info (henkil\u00f6st\u00f6\u00e4 n.25).<\/p>\n<p><strong>Koulutuskeskus Brahe<\/strong><\/p>\n<p>Opiskelijoille on k\u00e4yty esittelem\u00e4ss\u00e4 hanketta luokittain n. 80 opiskelijaa yhteens\u00e4. Opiskelijat ovat osallistuneet hankkeen projekteihin kurssien yhteydess\u00e4. Esimerkiksi, jos peliin on tarvinnut mallintaa 3D-objekteja, niiden tekemiseen on osallistunut pelin suunnitteluryhm\u00e4n lis\u00e4ksi luokka, jonka opetussuunnitelmaan kyseinen ty\u00f6 sopii.<\/p>\n<p><strong>Ammattiopisto Tavastia<\/strong><\/p>\n<p>Pedamessut 26.1.2016: projektin esittely\u00e4 omalla osastolla (200 opettajaa ja henkil\u00f6kunnan j\u00e4sent\u00e4)<br \/>\nPelillisyys-workshopit osastolle helmikuussa nelj\u00e4n\u00e4 iltap\u00e4iv\u00e4n\u00e4 (yht. 15 opettajaa ja 7 opiskelijaa).<br \/>\n20.4.2016 projektin tietoisku osaston kehitt\u00e4misp\u00e4iv\u00e4ss\u00e4 (15 opettajaa).<br \/>\nAmmattiopisto Tavastian Pedarastit 23.11.2016: projektin tulosten esittely oppilaitoksen henkil\u00f6kunnalle (20) ja matkailualan asiantuntijaryhm\u00e4lle (8).<br \/>\nSis\u00e4inen tiedottaminen: projektiryhm\u00e4n omat FB- ja WA-ryhm\u00e4t, ulkoinen tiedottaminen: projektiblogi <a href=\"https:\/\/tavastianvirtuaalivirtuoosit.wordpress.com\/\" target=\"_blank\">https:\/\/tavastianvirtuaalivirtuoosit.wordpress.com\/<\/a><\/p>\n<p><strong>Vantaan ammattiopisto Varia<\/strong><\/p>\n<p>Variassa Virtuaalivirtuoosit tiedottavat Facebook-ryhm\u00e4ss\u00e4 (Varian tvt-ryhm\u00e4), oppilaitoksen sis\u00e4isess\u00e4 tiedotuskanavassa Fronterissa, Virtuaalivirtuoosit-hankkeen internetsivuilla, Virtuaalivirtuoosien Instagramissa, Varian projektien internetsivuilla (<a href=\"http:\/\/www.variaprojektit.fi\" target=\"_blank\">www.variaprojektit.fi<\/a>), kahden viikon v\u00e4lein ilmestyv\u00e4ss\u00e4 henkil\u00f6st\u00f6tiedotteessa ja koulutusten yhteydess\u00e4. Lis\u00e4ksi Varian aikuis- ja nuorisokoulutuksen tiimi k\u00e4sittelee hankeasioita 4 kertaa lukuvuodessa, jolloin hankkeet esittelev\u00e4t sen hetkisen tilanteen opetusalajohdolle. Hankkeissa toimivat opettajat my\u00f6s osallistuvat henkil\u00f6st\u00f6n kouluttamiseen koko henkil\u00f6st\u00f6n koulutusp\u00e4iviss\u00e4 ja Varian 4 kertaa lukuvuodessa j\u00e4rjestett\u00e4viss\u00e4 koko oppilaitoksen laajuisissa Pedacafeissa.<\/p>\n<p>Varian digihankkeet j\u00e4rjestiv\u00e4t yhteisty\u00f6n\u00e4 Virtuaalipajan 28.10.2016. Pajassa esiteltiin 360-kuvaamista, erilaisia VR-laseja, HTC Vive\u00e4, 3D-tulostusta\u00a0ja ThingLinkej\u00e4.<\/p>\n<p>Virtuaalivirtuoosit-hanketta esiteltiin my\u00f6s AMK &amp; ammatillisen koulutuksen tutkimusp\u00e4ivill\u00e4 Sein\u00e4joella 8. &#8211; 9.11.2016 #komiastiyrittajyyteen<\/p>\n<p>Vantaan ammattiopisto Varia on esill\u00e4 Educa 2017 -tapahtumassa 27.-28.1.2017 Vantaan kaupungin osastolla. Osastolla Varian opiskelijat esittelev\u00e4t 360-kuvia VR-laseilla ja mm. Virtuaalivirtuoosit-hankkeessa tehtyj\u00e4 ThingLinkej\u00e4 tableteilla.<\/p>\n<p>&nbsp;<\/p>\n<p><strong>HANKEVERKOSTOT<\/strong><\/p>\n<p><strong>Hyria<\/strong><\/p>\n<p>Hyria kuuluu V\u00e4lkky-verkostoon, jonka yhteisty\u00f6kokouksissa haetaan alueelle yhteisi\u00e4 linjauksia ja digitalisaatio on useissa hankkeissa l\u00e4pileikkaavana teemana.<\/p>\n<p><strong>Varia<\/strong><\/p>\n<p>Virtuaalivirtuoosit -hanketta on esitelty Digioppia kaikille -hankkeen puitteissa yhdess\u00e4 Omnian kanssa j\u00e4rjestetyill\u00e4 Digimessuilla:<\/p>\n<p><a href=\"http:\/\/virtuaalivirtuoosit.fi\/wp-content\/uploads\/2015\/11\/Photo-20.5.2016-10.02.22.jpg\"><img loading=\"lazy\" decoding=\"async\" class=\"alignnone wp-image-250\" src=\"http:\/\/virtuaalivirtuoosit.fi\/wp-content\/uploads\/2015\/11\/Photo-20.5.2016-10.02.22-300x300.jpg\" alt=\"photo-20-5-2016-10-02-22\" width=\"202\" height=\"202\" srcset=\"https:\/\/virtuaalivirtuoosit.fi\/wp-content\/uploads\/2015\/11\/Photo-20.5.2016-10.02.22-300x300.jpg 300w, https:\/\/virtuaalivirtuoosit.fi\/wp-content\/uploads\/2015\/11\/Photo-20.5.2016-10.02.22-150x150.jpg 150w, https:\/\/virtuaalivirtuoosit.fi\/wp-content\/uploads\/2015\/11\/Photo-20.5.2016-10.02.22-768x768.jpg 768w, https:\/\/virtuaalivirtuoosit.fi\/wp-content\/uploads\/2015\/11\/Photo-20.5.2016-10.02.22-1024x1024.jpg 1024w, https:\/\/virtuaalivirtuoosit.fi\/wp-content\/uploads\/2015\/11\/Photo-20.5.2016-10.02.22-50x50.jpg 50w, https:\/\/virtuaalivirtuoosit.fi\/wp-content\/uploads\/2015\/11\/Photo-20.5.2016-10.02.22.jpg 1936w\" sizes=\"auto, (max-width: 202px) 100vw, 202px\" \/><\/a><\/p>\n<p>Virtuaalivirtuoosit esitt\u00e4ytyv\u00e4t Digimessuilla Omniassa my\u00f6s 16.12.2016:<\/p>\n<p><a href=\"http:\/\/virtuaalivirtuoosit.fi\/wp-content\/uploads\/2015\/11\/20161216_103021.jpg\"><img loading=\"lazy\" decoding=\"async\" class=\"alignnone size-medium wp-image-348\" src=\"http:\/\/virtuaalivirtuoosit.fi\/wp-content\/uploads\/2015\/11\/20161216_103021-300x180.jpg\" alt=\"\" width=\"300\" height=\"180\" srcset=\"https:\/\/virtuaalivirtuoosit.fi\/wp-content\/uploads\/2015\/11\/20161216_103021-300x180.jpg 300w, https:\/\/virtuaalivirtuoosit.fi\/wp-content\/uploads\/2015\/11\/20161216_103021-768x461.jpg 768w, https:\/\/virtuaalivirtuoosit.fi\/wp-content\/uploads\/2015\/11\/20161216_103021-1024x614.jpg 1024w\" sizes=\"auto, (max-width: 300px) 100vw, 300px\" \/><\/a><\/p>\n<p><a href=\"http:\/\/virtuaalivirtuoosit.fi\/wp-content\/uploads\/2015\/11\/20161216_112315.jpg\"><img loading=\"lazy\" decoding=\"async\" class=\"alignnone size-medium wp-image-351\" src=\"http:\/\/virtuaalivirtuoosit.fi\/wp-content\/uploads\/2015\/11\/20161216_112315-300x180.jpg\" alt=\"\" width=\"300\" height=\"180\" srcset=\"https:\/\/virtuaalivirtuoosit.fi\/wp-content\/uploads\/2015\/11\/20161216_112315-300x180.jpg 300w, https:\/\/virtuaalivirtuoosit.fi\/wp-content\/uploads\/2015\/11\/20161216_112315-768x461.jpg 768w, https:\/\/virtuaalivirtuoosit.fi\/wp-content\/uploads\/2015\/11\/20161216_112315-1024x614.jpg 1024w\" sizes=\"auto, (max-width: 300px) 100vw, 300px\" \/><\/a><\/p>\n<p><a href=\"http:\/\/virtuaalivirtuoosit.fi\/wp-content\/uploads\/2015\/11\/20161216_103222.jpg\"><img loading=\"lazy\" decoding=\"async\" class=\"alignnone size-medium wp-image-349\" src=\"http:\/\/virtuaalivirtuoosit.fi\/wp-content\/uploads\/2015\/11\/20161216_103222-300x180.jpg\" alt=\"\" width=\"300\" height=\"180\" srcset=\"https:\/\/virtuaalivirtuoosit.fi\/wp-content\/uploads\/2015\/11\/20161216_103222-300x180.jpg 300w, https:\/\/virtuaalivirtuoosit.fi\/wp-content\/uploads\/2015\/11\/20161216_103222-768x461.jpg 768w, https:\/\/virtuaalivirtuoosit.fi\/wp-content\/uploads\/2015\/11\/20161216_103222-1024x614.jpg 1024w\" sizes=\"auto, (max-width: 300px) 100vw, 300px\" \/><\/a><\/p>\n<p>&nbsp;<\/p>\n<p><strong>OPH: OPPIMAISEMA-SIVUSTO JA HYV\u00c4T K\u00c4YT\u00c4NN\u00d6T ALUSTA<\/strong><\/p>\n<p>Suunnitelma: Pedagogisen pelik\u00e4sikirjoittamisen k\u00e4sikirjan voisi siell\u00e4 julkaista osana muuta informaatiota hankkeen aikana saaduista hyvist\u00e4 kokemuksista.<\/p>\n<p>&nbsp;<\/p>\n<p><strong>VIRTUAALIVIRTUOOSIT ITK-P\u00c4IVILL\u00c4<\/strong><\/p>\n<p><strong>2016<\/strong><\/p>\n<p><strong>Koulutuskeskus Brahe<\/strong><\/p>\n<p>ITK-p\u00e4ivien aineistosta j\u00e4rjestet\u00e4\u00e4n opiskelijoille ja henkil\u00f6kunnalle koulutusp\u00e4iv\u00e4, jossa opastetaan sosiaalisen median k\u00e4ytt\u00f6\u00f6n.<\/p>\n<p><strong>Vantaan ammattiopisto Varia<\/strong><\/p>\n<p>Variassa ITK-p\u00e4ivien antia on jaettu mm. Aviapoliksen toimipisteess\u00e4 koko henkil\u00f6st\u00f6lle j\u00e4rjestetyn Pedacafen yhteydess\u00e4. Lis\u00e4ksi ITK-vinkeist\u00e4 koottiin e-lehti (klikkaa lukeaksesi koko n\u00e4yt\u00f6lt\u00e4):<\/p>\n<div class=\"issuuembed\" style=\"width: 525px; height: 371px;\" data-configid=\"18734000\/39364395\"><\/div>\n<p><script type=\"text\/javascript\" src=\"\/\/e.issuu.com\/embed.js\" async=\"true\"><\/script><\/p>\n<p><strong>2017<\/strong><\/p>\n<p><strong>Vantaan ammattiopisto Varia<\/strong><\/p>\n<p>ITK2017 &#8211; Interaktiivinen tekniikka koulutuksessa -tapahtumaa vietet\u00e4\u00e4n H\u00e4meenlinnassa 5.-7.4.2017:\u00a0<a href=\"http:\/\/itk.fi\/2017\/\" target=\"_blank\">http:\/\/itk.fi\/2017\/<\/a><\/p>\n<p>Virtuaalivirtuoosien hanketulokset n\u00e4kyv\u00e4t tapahtuman posteri-n\u00e4yttelyss\u00e4:\u00a0<a href=\"http:\/\/itk.fi\/2017\/posters\/156_02_VERKKO_ITK_JULISTE.pdf\" target=\"_blank\">http:\/\/itk.fi\/2017\/posters\/156_02_VERKKO_ITK_JULISTE.pdf<\/a><a href=\"http:\/\/virtuaalivirtuoosit.fi\/wp-content\/uploads\/2017\/03\/03_ESIKATSELU_ITK_JULISTE.jpg\"><img loading=\"lazy\" decoding=\"async\" class=\"size-medium wp-image-368 alignright\" src=\"http:\/\/virtuaalivirtuoosit.fi\/wp-content\/uploads\/2017\/03\/03_ESIKATSELU_ITK_JULISTE-222x300.jpg\" alt=\"\" width=\"222\" height=\"300\" srcset=\"https:\/\/virtuaalivirtuoosit.fi\/wp-content\/uploads\/2017\/03\/03_ESIKATSELU_ITK_JULISTE-222x300.jpg 222w, https:\/\/virtuaalivirtuoosit.fi\/wp-content\/uploads\/2017\/03\/03_ESIKATSELU_ITK_JULISTE.jpg 460w\" sizes=\"auto, (max-width: 222px) 100vw, 222px\" \/><\/a><\/p>\n<p>Lis\u00e4ksi\u00a0foorumiesityksess\u00e4 kuullaan Vantaan ammattiopisto Varian logistiikan alan virtuaaliopetuksesta:\u00a0<a href=\"http:\/\/itk.fi\/2017\/ohjelma\/foorumi\/191\" target=\"_blank\">http:\/\/itk.fi\/2017\/ohjelma\/foorumi\/191<\/a><\/p>\n<p>&nbsp;<\/p>\n<p><strong>LOPPUSEMINAARI 22.11.2016<\/strong><\/p>\n<p>Ohjelma:<\/p>\n<p>11.00 \u2013 12.00 Ilmoittautuminen, kahvit + l\u00e4mmint\u00e4 purtavaa, verkostoitumista<\/p>\n<p>12.00 \u2013 12.10 Tervetuloa Hyriaan, Karel McLeod-Smith, CDO Hyria<\/p>\n<p>12.10 \u2013 12.20 Projektip\u00e4\u00e4llikk\u00f6 Anssi Salmi (Varia), hankkeen esittely<\/p>\n<p>12.20 \u2013 13.00 Pelillisyys, Hyria Village, Sanna M\u00e4yr\u00e4, AvaDive Oy<\/p>\n<p>13.00 &#8211; 13.30 Robotiikka,\u00a0 Cristina Andersson, yksi BohoBusiness \u2013kirjan kirjoittajista ja Eurooppalaisen Robottiviikon Suomen koordinaattori<\/p>\n<p>13.30 &#8211; 14.00 Kahvit<a href=\"http:\/\/virtuaalivirtuoosit.fi\/wp-content\/uploads\/2016\/11\/15101771_1860653947554806_5045535993734627328_n1.jpg\"><img loading=\"lazy\" decoding=\"async\" class=\"size-medium wp-image-293 alignright\" src=\"http:\/\/virtuaalivirtuoosit.fi\/wp-content\/uploads\/2016\/11\/15101771_1860653947554806_5045535993734627328_n1-300x300.jpg\" alt=\"15101771_1860653947554806_5045535993734627328_n1\" width=\"300\" height=\"300\" srcset=\"https:\/\/virtuaalivirtuoosit.fi\/wp-content\/uploads\/2016\/11\/15101771_1860653947554806_5045535993734627328_n1-300x300.jpg 300w, https:\/\/virtuaalivirtuoosit.fi\/wp-content\/uploads\/2016\/11\/15101771_1860653947554806_5045535993734627328_n1-150x150.jpg 150w, https:\/\/virtuaalivirtuoosit.fi\/wp-content\/uploads\/2016\/11\/15101771_1860653947554806_5045535993734627328_n1-768x768.jpg 768w, https:\/\/virtuaalivirtuoosit.fi\/wp-content\/uploads\/2016\/11\/15101771_1860653947554806_5045535993734627328_n1-1024x1024.jpg 1024w, https:\/\/virtuaalivirtuoosit.fi\/wp-content\/uploads\/2016\/11\/15101771_1860653947554806_5045535993734627328_n1-50x50.jpg 50w, https:\/\/virtuaalivirtuoosit.fi\/wp-content\/uploads\/2016\/11\/15101771_1860653947554806_5045535993734627328_n1.jpg 1080w\" sizes=\"auto, (max-width: 300px) 100vw, 300px\" \/><\/a><\/p>\n<p>14.00 \u2013 15.00 Hanke-esittelyt:<\/p>\n<ul>\n<li>Brahe: Autopajapeli, Opintopolkijat<\/li>\n<li>Hyria: Hyria Village &#8211; virtuaalinen oppilaitos, lajintunnistuksen pelillist\u00e4minen, oppimisalustat<\/li>\n<li>Luksia: NFC-teknologian k\u00e4ytt\u00f6, hotellisimulaattori, digitarinat<\/li>\n<li>Tavastia: Resort 360-oppimisymp\u00e4rist\u00f6, hotellisimulaattori, digitarinat<\/li>\n<li>Varia: VR-lasit (Samsung Gear, HTC Vive)<\/li>\n<\/ul>\n<p>Loppuseminaarin tunnelmia l\u00f6ytyy Virtuaalivirtuoosien Instagramista tai\u00a0<a href=\"http:\/\/virtuaalivirtuoosit.fi\/?p=292\" target=\"_blank\">Uutisista.<\/a><\/p>\n","protected":false},"excerpt":{"rendered":"<p>Projektin aloituskokous\u00a0\u00a0\u00a0\u00a0\u00a0\u00a0\u00a0\u00a0\u00a0 \u00a0\u00a0\u00a0\u00a0\u00a0\u00a0\u00a0\u00a0\u00a0\u00a0\u00a0\u00a0\u00a0\u00a0\u00a0\u00a0\u00a0\u00a0\u00a0\u00a0\u00a0\u00a0\u00a0\u00a0\u00a0\u00a0\u00a0\u00a0 \u00a0\u00a0\u00a0\u00a0\u00a0\u00a0\u00a0\u00a0\u00a0\u00a0\u00a0\u00a0\u00a0\u00a0\u00a0\u00a0\u00a0\u00a0\u00a0\u00a0\u00a0\u00a0\u00a0 18.9.2015 RFID-koulutus, RFID Lab\u00a0\u00a0\u00a0\u00a0\u00a0\u00a0\u00a0\u00a0\u00a0 \u00a0\u00a0\u00a0\u00a0\u00a0\u00a0\u00a0\u00a0\u00a0\u00a0\u00a0\u00a0\u00a0\u00a0\u00a0\u00a0\u00a0\u00a0\u00a0\u00a0\u00a0\u00a0\u00a0\u00a0\u00a0\u00a0\u00a0\u00a0 \u00a0\u00a0\u00a0\u00a0\u00a0\u00a0\u00a0\u00a0\u00a0\u00a0\u00a0\u00a0\u00a0\u00a0\u00a0\u00a0\u00a0\u00a0\u00a0\u00a0\u00a0 21.10.2015 Simulaattorikoulutus, Simrac ja Tredu, Tampere\u00a0\u00a0\u00a0\u00a0\u00a0\u00a0\u00a0\u00a0\u00a0\u00a0\u00a0\u00a0\u00a0\u00a0\u00a0\u00a0\u00a0\u00a0\u00a0\u00a0\u00a0\u00a0\u00a0\u00a0\u00a0\u00a0\u00a0 30.10.2015 Hankeryhm\u00e4n toinen kokous \u00a0 \u00a0\u00a0 \u00a0\u00a0\u00a0\u00a0\u00a0\u00a0\u00a0\u00a0\u00a0\u00a0\u00a0\u00a0\u00a0\u00a0\u00a0\u00a0\u00a0\u00a0\u00a0\u00a0\u00a0\u00a0\u00a0\u00a0\u00a0\u00a0\u00a0\u00a0\u00a0\u00a0\u00a0\u00a0\u00a0\u00a0\u00a0\u00a0\u00a0\u00a0\u00a0\u00a0\u00a0\u00a0\u00a0\u00a0\u00a0\u00a0\u00a0\u00a0\u00a0 27.11.2015 Hankeryhm\u00e4n kolmas kokous\u00a0\u00a0\u00a0\u00a0\u00a0\u00a0\u00a0\u00a0\u00a0\u00a0\u00a0\u00a0\u00a0\u00a0\u00a0\u00a0\u00a0\u00a0\u00a0\u00a0\u00a0\u00a0\u00a0\u00a0\u00a0\u00a0\u00a0\u00a0\u00a0\u00a0\u00a0\u00a0\u00a0\u00a0\u00a0\u00a0\u00a0\u00a0\u00a0\u00a0\u00a0\u00a0\u00a0\u00a0\u00a0\u00a0\u00a0\u00a0\u00a0\u00a0\u00a0\u00a0\u00a0 12.2.2016 Pelillisyyskoulutus, Mauri Laakso\u00a0\u00a0\u00a0\u00a0\u00a0\u00a0\u00a0\u00a0\u00a0\u00a0\u00a0\u00a0\u00a0\u00a0\u00a0\u00a0\u00a0\u00a0\u00a0\u00a0\u00a0\u00a0\u00a0\u00a0\u00a0\u00a0\u00a0\u00a0\u00a0\u00a0\u00a0\u00a0\u00a0\u00a0\u00a0\u00a0\u00a0\u00a0\u00a0\u00a0\u00a0\u00a0\u00a0\u00a0\u00a0\u00a0\u00a0 24.3.2016 Foracer, tutustuminen simulaattorien valmistukseen\u00a0\u00a0\u00a0\u00a0\u00a0\u00a0\u00a0\u00a0\u00a0\u00a0\u00a0\u00a0\u00a0\u00a0\u00a0\u00a0\u00a0\u00a0\u00a0\u00a0\u00a0 30.3.2016 ITK-p\u00e4iv\u00e4t, H\u00e4meenlinna (Hankeryhm\u00e4n 4.kokous) \u00a0 \u00a0 \u00a0 \u00a0 \u00a0 \u00a0 \u00a0 \u00a0 \u00a0 \u00a0 \u00a0 \u00a014-15.4.2106 Hankeryhm\u00e4n viides&hellip;<\/p>\n","protected":false},"author":1,"featured_media":0,"parent":140,"menu_order":0,"comment_status":"closed","ping_status":"closed","template":"","meta":{"footnotes":""},"class_list":["post-21","page","type-page","status-publish","hentry"],"_links":{"self":[{"href":"https:\/\/virtuaalivirtuoosit.fi\/index.php?rest_route=\/wp\/v2\/pages\/21","targetHints":{"allow":["GET"]}}],"collection":[{"href":"https:\/\/virtuaalivirtuoosit.fi\/index.php?rest_route=\/wp\/v2\/pages"}],"about":[{"href":"https:\/\/virtuaalivirtuoosit.fi\/index.php?rest_route=\/wp\/v2\/types\/page"}],"author":[{"embeddable":true,"href":"https:\/\/virtuaalivirtuoosit.fi\/index.php?rest_route=\/wp\/v2\/users\/1"}],"replies":[{"embeddable":true,"href":"https:\/\/virtuaalivirtuoosit.fi\/index.php?rest_route=%2Fwp%2Fv2%2Fcomments&post=21"}],"version-history":[{"count":33,"href":"https:\/\/virtuaalivirtuoosit.fi\/index.php?rest_route=\/wp\/v2\/pages\/21\/revisions"}],"predecessor-version":[{"id":373,"href":"https:\/\/virtuaalivirtuoosit.fi\/index.php?rest_route=\/wp\/v2\/pages\/21\/revisions\/373"}],"up":[{"embeddable":true,"href":"https:\/\/virtuaalivirtuoosit.fi\/index.php?rest_route=\/wp\/v2\/pages\/140"}],"wp:attachment":[{"href":"https:\/\/virtuaalivirtuoosit.fi\/index.php?rest_route=%2Fwp%2Fv2%2Fmedia&parent=21"}],"curies":[{"name":"wp","href":"https:\/\/api.w.org\/{rel}","templated":true}]}}