{"id":50,"date":"2015-11-27T10:47:44","date_gmt":"2015-11-27T10:47:44","guid":{"rendered":"http:\/\/virtuaalivirtuoosit.fi\/?page_id=50"},"modified":"2016-12-21T08:34:08","modified_gmt":"2016-12-21T08:34:08","slug":"etusivu","status":"publish","type":"page","link":"https:\/\/virtuaalivirtuoosit.fi\/","title":{"rendered":"Etusivu"},"content":{"rendered":"<p>TERVETULOA VIRTUAALIVIRTUOOSIT HANKKEEN SIVUILLE!<\/p>\n<p><a href=\"http:\/\/virtuaalivirtuoosit.fi\/wp-content\/uploads\/2016\/11\/LOGOVirtuaalivirtuoosit.png\"><img loading=\"lazy\" decoding=\"async\" class=\"alignnone size-medium wp-image-281\" src=\"http:\/\/virtuaalivirtuoosit.fi\/wp-content\/uploads\/2016\/11\/LOGOVirtuaalivirtuoosit-300x168.png\" alt=\"\" width=\"300\" height=\"168\" srcset=\"https:\/\/virtuaalivirtuoosit.fi\/wp-content\/uploads\/2016\/11\/LOGOVirtuaalivirtuoosit-300x168.png 300w, https:\/\/virtuaalivirtuoosit.fi\/wp-content\/uploads\/2016\/11\/LOGOVirtuaalivirtuoosit.png 421w\" sizes=\"auto, (max-width: 300px) 100vw, 300px\" \/><\/a><\/p>\n<p>Virtuaalivirtuoosit-hanke k\u00e4ynnistyi syksyll\u00e4 2015. Hankkeen kantavana teemana oli &#8221;opiskelijat kehitt\u00e4j\u00e4n\u00e4&#8221;. Opiskelijoiden mukaan ottaminen kehitt\u00e4mistoimintaan ja toimiminen keskeisin\u00e4 tekij\u00f6in\u00e4 yhdess\u00e4 henkil\u00f6kunnan kanssa oli t\u00e4rke\u00e4 osa t\u00e4t\u00e4 hanketta. K\u00e4yt\u00e4nn\u00f6n tasolla t\u00e4m\u00e4 tarkoitti opiskelijoiden aktiivista osallistumista sek\u00e4 erilaisten\u00a0digitaalisten oppimisalustojen sek\u00e4 sosiaalisen median ahkeraa k\u00e4ytt\u00e4mist\u00e4.<\/p>\n<p>Digitaalisuuden lis\u00e4ksi t\u00e4m\u00e4 hanke tuki my\u00f6s eritt\u00e4in vahvasti BYOD (Bring Your Own Devices)-ajattelua. Yhdist\u00e4m\u00e4ll\u00e4 n\u00e4m\u00e4 kaksi edell\u00e4 mainittua asiaa p\u00e4\u00e4stiin tilanteeseen,\u00a0jossa opiskelijat voivat oppia ajasta ja paikasta riippumatta omilla p\u00e4\u00e4telaitteillaan.<\/p>\n<p>Hankkeen p\u00e4\u00e4tavoite oli opiskelijoiden motivaation lis\u00e4\u00e4ntyminen, keskeytt\u00e4misten v\u00e4hentyminen sek\u00e4 l\u00e4p\u00e4isyn tehostuminen.<\/p>\n<p>Hankkeen\u00a0p\u00e4\u00e4kohdat voidaan tiivist\u00e4\u00e4 seuraavasti:<\/p>\n<ol>\n<li>Opiskelijat kehitt\u00e4jin\u00e4<\/li>\n<li>Erilaiset digitaaliset oppimisymp\u00e4rist\u00f6t laaja-alaisesti k\u00e4ytettyn\u00e4<\/li>\n<li>BYOD-ajattelu<\/li>\n<\/ol>\n<p>Hankkeen tavoitteet tiivistettyn\u00e4:<\/p>\n<ol>\n<li>Opiskelumotivaation nostaminen<\/li>\n<li>Verkostoituminen ja hyvien k\u00e4yt\u00e4nteiden jako<\/li>\n<\/ol>\n<p>&nbsp;<\/p>\n","protected":false},"excerpt":{"rendered":"<p>TERVETULOA VIRTUAALIVIRTUOOSIT HANKKEEN SIVUILLE! Virtuaalivirtuoosit-hanke k\u00e4ynnistyi syksyll\u00e4 2015. Hankkeen kantavana teemana oli &#8221;opiskelijat kehitt\u00e4j\u00e4n\u00e4&#8221;. Opiskelijoiden mukaan ottaminen kehitt\u00e4mistoimintaan ja toimiminen keskeisin\u00e4 tekij\u00f6in\u00e4 yhdess\u00e4 henkil\u00f6kunnan kanssa oli t\u00e4rke\u00e4 osa t\u00e4t\u00e4 hanketta. K\u00e4yt\u00e4nn\u00f6n tasolla t\u00e4m\u00e4 tarkoitti opiskelijoiden aktiivista osallistumista sek\u00e4 erilaisten\u00a0digitaalisten oppimisalustojen sek\u00e4 sosiaalisen median ahkeraa k\u00e4ytt\u00e4mist\u00e4. Digitaalisuuden lis\u00e4ksi t\u00e4m\u00e4 hanke tuki my\u00f6s eritt\u00e4in vahvasti BYOD (Bring&hellip;<\/p>\n","protected":false},"author":1,"featured_media":0,"parent":0,"menu_order":1,"comment_status":"closed","ping_status":"closed","template":"","meta":{"footnotes":""},"class_list":["post-50","page","type-page","status-publish","hentry"],"_links":{"self":[{"href":"https:\/\/virtuaalivirtuoosit.fi\/index.php?rest_route=\/wp\/v2\/pages\/50","targetHints":{"allow":["GET"]}}],"collection":[{"href":"https:\/\/virtuaalivirtuoosit.fi\/index.php?rest_route=\/wp\/v2\/pages"}],"about":[{"href":"https:\/\/virtuaalivirtuoosit.fi\/index.php?rest_route=\/wp\/v2\/types\/page"}],"author":[{"embeddable":true,"href":"https:\/\/virtuaalivirtuoosit.fi\/index.php?rest_route=\/wp\/v2\/users\/1"}],"replies":[{"embeddable":true,"href":"https:\/\/virtuaalivirtuoosit.fi\/index.php?rest_route=%2Fwp%2Fv2%2Fcomments&post=50"}],"version-history":[{"count":5,"href":"https:\/\/virtuaalivirtuoosit.fi\/index.php?rest_route=\/wp\/v2\/pages\/50\/revisions"}],"predecessor-version":[{"id":347,"href":"https:\/\/virtuaalivirtuoosit.fi\/index.php?rest_route=\/wp\/v2\/pages\/50\/revisions\/347"}],"wp:attachment":[{"href":"https:\/\/virtuaalivirtuoosit.fi\/index.php?rest_route=%2Fwp%2Fv2%2Fmedia&parent=50"}],"curies":[{"name":"wp","href":"https:\/\/api.w.org\/{rel}","templated":true}]}}