{"id":9,"date":"2015-09-22T10:05:55","date_gmt":"2015-09-22T10:05:55","guid":{"rendered":"http:\/\/virtuaalivirtuoosit.fi\/?page_id=9"},"modified":"2016-09-21T09:05:50","modified_gmt":"2016-09-21T09:05:50","slug":"yhteystiedot","status":"publish","type":"page","link":"https:\/\/virtuaalivirtuoosit.fi\/?page_id=9","title":{"rendered":"Yhteystiedot"},"content":{"rendered":"<p>Hankeryhm\u00e4:<\/p>\n<ul>\n<li>Anssi Salmi, projektip\u00e4\u00e4llikk\u00f6, Vantaan ammattiopisto Varia,\u00a0anssi.salmi(at)eduvantaa.fi, 043 824 9484<\/li>\n<li>Mika Ekoluoma, Raahen koulutuskuntayhtym\u00e4, mika.ekoluoma(at)lybecker.fi<\/li>\n<li>Esko Hentil\u00e4, Ammattiopisto Tavastia, esko.hentila(at)kktavastia.fi<\/li>\n<li>Mervi Kivist\u00f6, Ammattiopisto Tavastia, mervi.kivisto(at)kktavastia.fi<\/li>\n<li>Niilo Korhonen, Hyria, niilo.korhonen(at)hyria.fi<\/li>\n<li>Mikko Kuri, Luksia, mikko.kuri(at)luksia.fi<\/li>\n<li>Heikki Makkonen, Luksia, heikki.makkonen(at)luksia.fi<\/li>\n<li>Heikki Hiltunen, Vantaan ammattiopisto Varia, heikki.hiltunen(at)eduvantaa.fi<\/li>\n<li>Jyrki Kalliolahti, Vantaan ammattiopisto Varia, jyrki.kalliolahti(at)eduvantaa.fi<\/li>\n<li>Kari Koskela, Vantaan ammattiopisto Varia, kari.koskela(at)eduvantaa.fi<\/li>\n<li>Hannele Muhonen, Vantaan ammattiopisto Varia, hannele.muhonen(at)eduvantaa.fi<\/li>\n<li>Janne Saari, Vantaan ammattiopisto Varia, janne.saari(at)eduvantaa.fi<\/li>\n<li>Pasi-Waltteri Valtanen, Vantaan ammattiopisto Varia, pasiwaltteri.valtanen(at)eduvantaa.fi<\/li>\n<li>Anna Kepanen, Vantaan ammattiopisto Varia, anna.kepanen(a)eduvantaa.fi<\/li>\n<\/ul>\n<p>Ryhm\u00e4jako:<\/p>\n<ol>\n<li><strong><em>Pelillisyys-ryhm\u00e4 + simulaattorit:<\/em><\/strong> Mika Ekoluoma, Kari Koskela, Janne Saari, Heikki Hiltunen, Niilo Korhonen<\/li>\n<li><strong><em>RFID ja NFC:<\/em><\/strong> Anssi Salmi, Jyrki Kalliolahti, Hannele Muhonen, Pasi-Waltteri Valtanen, Esko Hentil\u00e4, Heikki Makkonen, Niilo Korhonen<\/li>\n<li><strong><em>Microsoft ty\u00f6kalut, Sharepoint, Lync<\/em><\/strong>: Heikki Hiltunen, Jyrki Kalliolahti, Hannele Muhonen, Esko Hentil\u00e4<\/li>\n<\/ol>\n<p style=\"text-align: left;\">\n","protected":false},"excerpt":{"rendered":"<p>Hankeryhm\u00e4: Anssi Salmi, projektip\u00e4\u00e4llikk\u00f6, Vantaan ammattiopisto Varia,\u00a0anssi.salmi(at)eduvantaa.fi, 043 824 9484 Mika Ekoluoma, Raahen koulutuskuntayhtym\u00e4, mika.ekoluoma(at)lybecker.fi Esko Hentil\u00e4, Ammattiopisto Tavastia, esko.hentila(at)kktavastia.fi Mervi Kivist\u00f6, Ammattiopisto Tavastia, mervi.kivisto(at)kktavastia.fi Niilo Korhonen, Hyria, niilo.korhonen(at)hyria.fi Mikko Kuri, Luksia, mikko.kuri(at)luksia.fi Heikki Makkonen, Luksia, heikki.makkonen(at)luksia.fi Heikki Hiltunen, Vantaan ammattiopisto Varia, heikki.hiltunen(at)eduvantaa.fi Jyrki Kalliolahti, Vantaan ammattiopisto Varia, jyrki.kalliolahti(at)eduvantaa.fi Kari Koskela, Vantaan ammattiopisto Varia, kari.koskela(at)eduvantaa.fi&hellip;<\/p>\n","protected":false},"author":1,"featured_media":0,"parent":0,"menu_order":6,"comment_status":"closed","ping_status":"closed","template":"","meta":{"footnotes":""},"class_list":["post-9","page","type-page","status-publish","hentry"],"_links":{"self":[{"href":"https:\/\/virtuaalivirtuoosit.fi\/index.php?rest_route=\/wp\/v2\/pages\/9","targetHints":{"allow":["GET"]}}],"collection":[{"href":"https:\/\/virtuaalivirtuoosit.fi\/index.php?rest_route=\/wp\/v2\/pages"}],"about":[{"href":"https:\/\/virtuaalivirtuoosit.fi\/index.php?rest_route=\/wp\/v2\/types\/page"}],"author":[{"embeddable":true,"href":"https:\/\/virtuaalivirtuoosit.fi\/index.php?rest_route=\/wp\/v2\/users\/1"}],"replies":[{"embeddable":true,"href":"https:\/\/virtuaalivirtuoosit.fi\/index.php?rest_route=%2Fwp%2Fv2%2Fcomments&post=9"}],"version-history":[{"count":12,"href":"https:\/\/virtuaalivirtuoosit.fi\/index.php?rest_route=\/wp\/v2\/pages\/9\/revisions"}],"predecessor-version":[{"id":139,"href":"https:\/\/virtuaalivirtuoosit.fi\/index.php?rest_route=\/wp\/v2\/pages\/9\/revisions\/139"}],"wp:attachment":[{"href":"https:\/\/virtuaalivirtuoosit.fi\/index.php?rest_route=%2Fwp%2Fv2%2Fmedia&parent=9"}],"curies":[{"name":"wp","href":"https:\/\/api.w.org\/{rel}","templated":true}]}}